Is 1141 composite?
True
Is 884251 a composite number?
False
Is 329 prime?
False
Is 2780101 a composite number?
False
Is 5261 prime?
True
Is 430411 prime?
True
Is 24901 prime?
False
Is 43753 composite?
False
Is 1591 prime?
False
Is 333485 prime?
False
Is 500693 a prime number?
True
Is 16997 a prime number?
False
Is 44801 a composite number?
True
Is 18979 a prime number?
True
Is 802167 composite?
True
Is 310047 composite?
True
Is 375919 a composite number?
True
Is 13397 prime?
True
Is 702113 prime?
True
Is 1657 a prime number?
True
Is 22623 prime?
False
Is 26659 a composite number?
True
Is 1673 composite?
True
Is 1832791 a composite number?
False
Is 266789 a prime number?
False
Is 1439 prime?
True
Is 33377 a prime number?
True
Is 10289 a prime number?
True
Is 4721 a composite number?
False
Is 2773 prime?
False
Is 50073 prime?
False
Is 1293 a prime number?
False
Is 105442 prime?
False
Is 6001499 composite?
True
Is 35887 a prime number?
False
Is 33643 prime?
False
Is 7187 prime?
True
Is 14797 a composite number?
False
Is 2384467 composite?
True
Is 3427 a prime number?
False
Is 2217919 prime?
False
Is 5981 prime?
True
Is 7669 a composite number?
False
Is 18587 a composite number?
False
Is 22247 a prime number?
True
Is 615971 prime?
True
Is 21701 a composite number?
False
Is 28697 prime?
True
Is 589669 a composite number?
True
Is 1317 prime?
False
Is 11177 a prime number?
True
Is 12785 a prime number?
False
Is 90263 prime?
True
Is 112835 composite?
True
Is 26387 a composite number?
False
Is 6313 a composite number?
True
Is 94533 a prime number?
False
Is 6463 prime?
False
Is 10133 a composite number?
False
Is 5207 prime?
False
Is 41867 composite?
True
Is 30341 a composite number?
False
Is 2631 a prime number?
False
Is 46049 a composite number?
False
Is 69551 a prime number?
False
Is 197741 a prime number?
True
Is 4057 a prime number?
True
Is 17521 prime?
False
Is 136963 a prime number?
True
Is 258439 prime?
False
Is 282923 a prime number?
False
Is 70259 composite?
True
Is 26503 prime?
False
Is 395797 prime?
False
Is 13649 prime?
True
Is 29917 prime?
True
Is 2903 a composite number?
False
Is 679153 prime?
True
Is 182093 a prime number?
False
Is 392699 composite?
False
Is 70051 prime?
True
Is 65774 a composite number?
True
Is 1579 composite?
False
Is 38635 composite?
True
Is 3047149 composite?
True
Is 2813 composite?
True
Is 66985 composite?
True
Is 655882 composite?
True
Is 143519 a prime number?
True
Is 369806 composite?
True
Is 12863 prime?
False
Is 18113 composite?
True
Is 8059 composite?
False
Is 21169 prime?
True
Is 28879 prime?
True
Is 1202951 a composite number?
True
Is 16729 composite?
False
Is 41671 a prime number?
False
Is 93647 a composite number?
True
Is 97385 prime?
False
Is 1657 prime?
True
Is 144397 prime?
False
Is 245383 prime?
True
Is 359239 prime?
False
Is 148991 composite?
False
Is 411254 a prime number?
False
Is 2707 a composite number?
False
Is 196437 a prime number?
False
Is 74267 a composite number?
True
Is 926 a prime number?
False
Is 215727 prime?
False
Is 61001 a composite number?
False
Is 195677 a composite number?
False
Is 66039 a composite number?
True
Is 5807 a prime number?
True
Is 65477 composite?
True
Is 72679 prime?
True
Is 1460059 a prime number?
True
Is 7621 prime?
True
Is 132581 composite?
True
Is 39503 prime?
True
Is 50981 composite?
True
Is 212051 a composite number?
True
Is 11497 a prime number?
True
Is 38195 prime?
False
Is 4699 a prime number?
False
Is 3707 a prime number?
False
Is 1811 prime?
True
Is 113143 prime?
True
Is 1269682 a prime number?
False
Is 970517 prime?
False
Is 2581 a composite number?
True
Is 2101 a composite number?
True
Is 2581 composite?
True
Is 29731 a prime number?
False
Is 42953 a prime number?
True
Is 725213 a composite number?
True
Is 950541 prime?
False
Is 107729 composite?
True
Is 85 composite?
True
Is 1107139 a prime number?
False
Is 5585 prime?
False
Is 50741 prime?
True
Is 11015 a prime number?
False
Is 1780419 a composite number?
True
Is 350237 prime?
True
Is 502057 prime?
True
Is 281053 a composite number?
False
Is 33191 a prime number?
True
Is 1847 a composite number?
False
Is 137651 prime?
False
Is 25777 prime?
False
Is 435293 a prime number?
False
Is 45457 prime?
False
Is 3226 a prime number?
False
Is 70571 a composite number?
False
Is 60077 prime?
True
Is 182407 a prime number?
False
Is 133769 prime?
True
Is 108149 a prime number?
False
Is 2777 a prime number?
True
Is 3563 composite?
True
Is 18247 a composite number?
True
Is 8819 a prime number?
True
Is 14414 prime?
False
Is 128761 a composite number?
False
Is 94517 prime?
False
Is 4009 composite?
True
Is 37423 composite?
False
Is 86197 composite?
False
Is 12601 composite?
False
Is 40009 prime?
True
Is 673487 composite?
False
Is 140803 a composite number?
True
Is 1693 composite?
False
Is 288647 composite?
False
Is 1939 a composite number?
True
Is 861827 prime?
False
Is 10651 composite?
False
Is 11057 a prime number?
True
Is 9533 composite?
False
Is 2095 a prime number?
False
Is 328543 a composite number?
False
Is 138221 composite?
True
Is 37385 a prime number?
False
Is 102965 prime?
False
Is 8654 prime?
False
Is 7967 a prime number?
False
Is 14281 composite?
False
Is 100811 a prime number?
True
Is 1989583 a composite number?
False
Is 156971 composite?
False
Is 12787 prime?
False
Is 4391 composite?
False
Is 18079 composite?
True
Is 679889 a composite number?
True
Is 14401 a prime number?
True
Is 1193 prime?
True
Is 1639577 a composite number?
False
Is 3947807 a prime number?
True
Is 19289 composite?
False
Is 99005 a composite number?
True
Is 113537 a composite number?
False
Is 455383 prime?
False
Is 281753 a composite number?
True
Is 61507 composite?
False
Is 2413 prime?
False
Is 17137 composite?
False
Is 394595 a composite number?
True
Is 5923 a prime number?
True
Is 25561 composite?
False
Is 34939 prime?
True
Is 142491 prime?
False
Is 3649 a composite number?
True
Is 4103633 a composite number?
True
Is 4228807 a prime number?
False
Is 679121 a prime number?
False
Is 133873 a composite number?
False
Is 695679 composite?
True
Is 470823 a prime number?
False
Is 4727 composite?
True
Is 586357 prime?
False
Is 1199497 composite?
True
Is 30781 composite?
False
Is 14941 composite?
True
Is 386467 a prime number?
False
Is 83953 composite?
True
Is 379 a composite number?
False
Is 184709 a prime number?
False
Is 50647 prime?
True
Is 235693 a composite number?
True
Is 29597 a prime number?
False
Is 14657 a composite number?
False
Is 361657 prime?
False
Is 12473 composite?
False
Is 1423181 composite?
False
Is 13751 a composite number?
False
Is 544223 a prime number?
True
Is 8117 prime?
True
Is 94201 a prime number?
True
Is 19835 a composite number?
True
Is 21059 composite?
False
Is 8263 a composite number?
False
Is 268271 a composite number?
False
Is 55049 prime?
True
Is 10771 prime?
True
Is 17443 prime?
True
Is 6353 a prime number?
True
Is 163351 a composite number?
False
Is 4766 composite?
True
Is 61351 a prime number?
False
Is 8077 a prime number?
False
Is 3550591 a composite number?
True
Is 345901 a prime number?
False
Is 4183 prime?
False
Is 4783 prime?
True
Is 53453 composite?
False
Is 284507 a prime number?
True
Is 2609 a prime number?
True
Is 52282 a composite number?
True
Is 5749 prime?
True
Is 411907 composite?
True
Is 6521 composite?
False
Is 163041 composite?
True
Is 42533 prime?
True
Is 7023 prime?
False
Is 28159 composite?
True
Is 642113 prime?
True
Is 11549 prime?
True
Is 1958999 a composite number?
True
Is 14453 a prime number?
False
Is 4197 a prime number?
False
Is 11279 composite?
False
Is 18269 a composite number?
False
Is 3389 composite?
False
Is 5245 prime?
False
Is 318983 composite?
True
Is 7642 a composite number?
True
Is 14479 a prime number?
True
Is 4111 a prime number?
True
Is 67435 composite?
True
Is 4249 a composite number?
True
Is 6469 a composite number?
False
Is 159829 prime?
False
Is 102241 a prime number?
True
Is 81201 composite?
True
Is 114991 composite?
True
Is 8813 prime?
False
Is 272551 a prime number?
False
Is 163469 composite?
False
Is 295727 a composite number?
False
Is 1259 a prime number?
True
Is 2503 composite?
False
Is 63643 composite?
True
Is 1660987 prime?
False
Is 113462 a composite nu